of 74?
False
Is 85960 a multiple of 70?
True
Does 963 divide 861885?
True
Is 29 a factor of 23577?
True
Is 487296 a multiple of 81?
True
Is 322 a factor of 697162?
False
Is 5 a factor of 167158?
False
Is 28 a factor of 95872?
True
Is 753721 a multiple of 12?
False
Is 57 a factor of 105980?
False
Does 330 divide 3596010?
True
Is 19 a factor of 230285?
False
Is 56595 a multiple of 7?
True
Is 2 a factor of 30089?
False
Does 224 divide 607421?
False
Does 544 divide 539770?
False
Is 2441250 a multiple of 1050?
True
Is 253495 a multiple of 51?
False
Does 11 divide 478697?
False
Is 29 a factor of 307429?
True
Is 2987496 a multiple of 14?
False
Does 24 divide 333161?
False
Does 11 divide 222939?
False
Is 72 a factor of 11591640?
True
Is 61175 a multiple of 25?
True
Is 2482550 a multiple of 85?
False
Does 25 divide 67799?
False
Is 399 a factor of 9137898?
True
Does 134 divide 4217650?
True
Is 192506 a multiple of 7?
False
Is 1008559 a multiple of 595?
False
Is 1934861 a multiple of 10?
False
Does 152 divide 36632?
True
Is 22633 a multiple of 13?
True
Is 3221788 a multiple of 329?
False
Is 104 a factor of 715520?
True
Is 1161684 a multiple of 36?
True
Is 300 a factor of 204900?
True
Is 23091 a multiple of 179?
True
Is 6 a factor of 497173?
False
Does 415 divide 195880?
True
Is 73746 a multiple of 9?
True
Is 2142070 a multiple of 994?
True
Is 3167850 a multiple of 25?
True
Is 16 a factor of 4539360?
True
Does 35 divide 319515?
True
Does 97 divide 376639?
False
Does 563 divide 16155738?
False
Does 13 divide 7053657?
True
Is 15 a factor of 129985?
False
Is 4 a factor of 42400?
True
Is 2196658 a multiple of 12?
False
Is 321 a factor of 638469?
True
Does 302 divide 14561836?
True
Does 15 divide 168767?
False
Does 544 divide 498252?
False
Is 23380 a multiple of 14?
True
Is 15498 a multiple of 4?
False
Is 1042524 a multiple of 441?
True
Is 515277 a multiple of 63?
True
Is 182 a factor of 1889447?
False
Is 1942 a factor of 9814037?
False
Is 94867 a multiple of 98?
False
Is 13720716 a multiple of 18?
True
Is 65456 a multiple of 8?
True
Is 322125 a multiple of 15?
True
Does 4 divide 64658?
False
Is 375438 a multiple of 13?
False
Does 13 divide 11490493?
False
Does 2 divide 49320?
True
Is 19 a factor of 998020?
False
Is 3851853 a multiple of 163?
True
Is 12 a factor of 7713898?
False
Is 324720 a multiple of 66?
True
Does 67 divide 3035435?
True
Is 210 a factor of 2429490?
True
Does 14 divide 636524?
True
Is 2 a factor of 26459?
False
Does 26 divide 266512?
False
Is 110 a factor of 869660?
True
Is 43802 a multiple of 11?
True
Is 705714 a multiple of 20?
False
Is 110 a factor of 720500?
True
Is 343 a factor of 18820753?
True
Is 429 a factor of 172959?
False
Is 37 a factor of 1487293?
False
Is 2414997 a multiple of 39?
True
Is 37 a factor of 11154806?
False
Does 47 divide 168323?
False
Does 1805 divide 5075660?
True
Is 564380 a multiple of 3?
False
Is 46 a factor of 1073934?
False
Is 76 a factor of 5501?
False
Does 51 divide 55335?
True
Is 15 a factor of 118278?
False
Does 14 divide 1835885?
False
Is 29406 a multiple of 14?
False
Is 13858338 a multiple of 39?
True
Is 340 a factor of 337905?
False
Is 7059328 a multiple of 8?
True
Is 16 a factor of 4160?
True
Is 19 a factor of 2271545?
True
Is 6 a factor of 1505865?
False
Does 344 divide 16844665?
False
Is 2259168 a multiple of 606?
True
Is 115197 a multiple of 129?
True
Is 21505696 a multiple of 113?
False
Does 156 divide 9457760?
False
Is 5 a factor of 7295?
True
Is 6400016 a multiple of 28?
True
Is 18 a factor of 235494?
True
Is 177902 a multiple of 48?
False
Is 631332 a multiple of 142?
True
Is 1267520 a multiple of 64?
True
Is 22 a factor of 4280476?
False
Is 121420 a multiple of 10?
True
Is 562770 a multiple of 185?
True
Is 103 a factor of 1073609?
False
Is 157 a factor of 109151?
False
Is 23824 a multiple of 66?
False
Is 12 a factor of 31398?
False
Does 22 divide 7458?
True
Does 21 divide 2252418?
True
Is 1672 a factor of 727320?
True
Is 27 a factor of 91530?
True
Does 3 divide 4022?
False
Does 211 divide 10890132?
True
Does 14 divide 804048?
True
Does 22 divide 70708?
True
Is 35 a factor of 482838?
False
Is 161315 a multiple of 23?
False
Does 9 divide 6840?
True
Is 63036 a multiple of 102?
True
Does 30 divide 4920?
True
Is 2247766 a multiple of 44?
False
Is 3235428 a multiple of 198?
False
Is 29 a factor of 221916?
False
Is 49950 a multiple of 370?
True
Does 41 divide 226058?
False
Is 21 a factor of 1597152?
False
Is 20 a factor of 12386411?
False
Is 157 a factor of 418070?
False
Is 233647 a multiple of 13?
False
Does 5 divide 200043?
False
Is 87698 even?
True
Is 1809 a factor of 14656518?
True
Does 21 divide 605231?
False
Is 83 a factor of 3183880?
True
Does 23 divide 1069979?
False
Is 4 a factor of 35984?
True
Is 50618 a multiple of 15?
False
Does 12 divide 28260?
True
Is 550968 a multiple of 22?
True
Is 414 a factor of 4025736?
True
Is 11523839 a multiple of 1728?
False
Does 10 divide 281064?
False
Is 776580 a multiple of 15?
True
Is 8 a factor of 35920?
True
Does 47 divide 670455?
True
Is 1550440 a multiple of 83?
True
Is 598 a factor of 1529389?
False
Does 113 divide 308264?
True
Does 39 divide 186381?
True
Does 9 divide 21633?
False
Is 9 a factor of 193374?
True
Is 136072 a multiple of 8?
True
Is 5045649 a multiple of 679?
True
Does 1602 divide 12970700?
False
Is 57 a factor of 116508?
True
Is 1616658 a multiple of 306?
False
Is 336293 a multiple of 33?
False
Does 8 divide 141969?
False
Is 95 a factor of 1403340?
True
Is 654137 a multiple of 11?
True
Does 23 divide 3792654?
True
Is 2271632 a multiple of 8?
True
Is 809860 a multiple of 13?
False
Is 178 a factor of 130474?
True
Does 50 divide 1496150?
True
Is 99665 a multiple of 56?
False
Is 81 a factor of 23880?
False
Is 3 a factor of 145452?
True
Does 28 divide 3216416?
True
Is 5703836 a multiple of 58?
True
Is 655092 a multiple of 93?
True
Is 403832 a multiple of 26?
True
Does 10 divide 1822150?
True
Is 689135 a multiple of 557?
False
Does 4 divide 56578?
False
Does 1042 divide 34850732?
True
Does 59 divide 4358271?
True
Is 567 a factor of 364581?
True
Does 166 divide 251898?
False
Does 13 divide 270075?
True
Does 576 divide 2046446?
False
Is 33660 a multiple of 6?
True
Does 43 divide 111566?
False
Does 27 divide 7105509?
True
Does 641 divide 4536303?
False
Is 64 a factor of 3475136?
True
Does 15 divide 103701?
False
Is 8 a factor of 376608?
True
Is 3229080 a multiple of 426?
True
Does 5 divide 8817308?
False
Does 37 divide 216684?
False
Does 14 divide 183344?
True
Is 31 a factor of 4278?
True
Is 104430 a multiple of 59?
True
Is 57 a factor of 25137?
True
Does 76 divide 667356?
True
Does 64 divide 76774?
False
Is 8892 a multiple of 52?
True
Is 213 a factor of 2826083?
False
Is 10 a factor of 3413480?
True
Is 5 a factor of 178925?
True
Is 5 a factor of 364310?
True
Is 40 a factor of 83360?
True
Is 6565 a multiple of 25?
False
Does 4 divide 381377?
False
Does 32 divide 632928?
True
Does 728 divide 2277192?
False
Does 31 divide 4160530?
False
Does 395 divide 2812400?
True
Does 561 divide 1161270?
True
Does 14 divide 7057449?
False
Is 1479504 a multiple of 16?
True
Is 38564 a multiple of 4?
True
Is 157119 a multiple of 4?
False
Is 329 a factor of 154630?
True
Is 25346 a multiple of 38?
True
Is 109787 a multiple of 6?
False
Does 2 divide 44094?
True
Does 12 divide 430115?
False
Does 9 divide 1923597?
True
Does 55 divide 87405?
False
Is 11356416 a multiple of 636?
True
Is 2444323 a multiple of 128?
False
Is 324935 a multiple of 15?
False
Is 1245 a factor of 7666710?
True
Is 11 a factor of 3111?
False
Does 163 divide 9670627?
True
Is 14 a factor of 6492058?
False
Does 137 divide 152691?
False
Is 13 a factor of 198172?
True
Is 82984 a multiple of 22?
True
Does 751 divide 2837751?
False
Is 947245 a multiple of 295?
True
Does 596 divide 3573020?
True
Is 67 a factor of 1737779?
True
Is 9449803 a multiple of 451?
True
Is 34470 a multiple of 15?
True
Is 303 a factor of 1243828?
False
Is 133 a factor of 917067?
False
Is 96216 a multiple of 24?
True
Is 53389 a multiple of 203?
True
Is 9 a factor of 17217018?
True
Is 612362 a multiple of 698?
False
Does 178 divide 112772?
False
Does 267 divide 241368?
True
Is 24147010 a multiple of 115?
True
Is 178860 a multiple of